se
Is 114753839 a composite number?
False
Is 51193445 prime?
False
Is 273341 prime?
False
Is 92460853 a prime number?
True
Is 2091299 prime?
False
Is 692251606 a prime number?
False
Is 5420869 composite?
True
Is 10996243 composite?
True
Is 59607181 composite?
True
Is 22932383 composite?
False
Is 6067471 prime?
True
Is 14200547 a composite number?
True
Is 96089369 a prime number?
True
Is 1264092281 composite?
True
Is 26630423 a composite number?
True
Is 493088601 prime?
False
Is 2120627 a prime number?
False
Is 3934897 a composite number?
True
Is 29438257 a composite number?
True
Is 874945 a prime number?
False
Is 6466123 a composite number?
False
Is 2550529 a prime number?
False
Is 1533871 prime?
True
Is 1936139279 a prime number?
True
Is 1840011 a prime number?
False
Is 19605767 prime?
True
Is 3793355 a composite number?
True
Is 30573377 a composite number?
False
Is 337721 a prime number?
True
Is 6478313 composite?
False
Is 2348537 composite?
True
Is 224954597 prime?
False
Is 7497713 prime?
False
Is 13930801 a prime number?
False
Is 20984123 a prime number?
True
Is 28535854 prime?
False
Is 1613713 a composite number?
False
Is 718783 prime?
False
Is 1878353 composite?
False
Is 49615739 prime?
False
Is 20339609 a prime number?
True
Is 83123033 a composite number?
True
Is 16995553 a prime number?
True
Is 582478913 composite?
False
Is 82989789 prime?
False
Is 29144813 a prime number?
False
Is 21021115 composite?
True
Is 867527 a composite number?
True
Is 68189311 prime?
True
Is 22892611 prime?
False
Is 58606253 prime?
True
Is 28382615 prime?
False
Is 151873 composite?
True
Is 6907949 a prime number?
True
Is 47344683 a prime number?
False
Is 1779539 a prime number?
False
Is 141737 prime?
False
Is 2392729 a composite number?
False
Is 5985607 prime?
False
Is 63641 a composite number?
True
Is 114993191 a prime number?
True
Is 5432107 prime?
True
Is 287753 prime?
False
Is 1475323 a composite number?
False
Is 749219 a composite number?
False
Is 26883631 prime?
True
Is 26089537 composite?
False
Is 230691467 a composite number?
False
Is 23624863 composite?
False
Is 282778579 prime?
False
Is 104336107 a prime number?
True
Is 14448919 a composite number?
False
Is 108011773 prime?
False
Is 3999719 a prime number?
True
Is 1337839 composite?
True
Is 6974587 a composite number?
True
Is 205609 composite?
True
Is 1610809 a composite number?
False
Is 64709831 prime?
True
Is 1145291 composite?
True
Is 38642237 a prime number?
False
Is 66916849 a prime number?
True
Is 43869311 a composite number?
False
Is 4724201 prime?
True
Is 3956119 a composite number?
False
Is 78147689 composite?
False
Is 38262811 a prime number?
False
Is 40788197 a prime number?
False
Is 871939 a prime number?
False
Is 342131 a prime number?
True
Is 3005207 composite?
False
Is 5616587 prime?
True
Is 5661473 a composite number?
True
Is 16491277 a prime number?
False
Is 1249 a prime number?
True
Is 143305535 a composite number?
True
Is 8910379 prime?
True
Is 10071097 a composite number?
False
Is 3418719 a prime number?
False
Is 12993887 composite?
False
Is 146441669 prime?
False
Is 269084689 prime?
True
Is 649816157 a prime number?
True
Is 222077437 a composite number?
False
Is 90311527 a prime number?
True
Is 9534571 a prime number?
True
Is 1474843 composite?
False
Is 84828921 a composite number?
True
Is 132350189 prime?
True
Is 127607057 a prime number?
True
Is 9331251 a composite number?
True
Is 37648979 composite?
False
Is 33912959 a prime number?
False
Is 9268543 composite?
False
Is 1152707 composite?
False
Is 2432845 a prime number?
False
Is 2314121 composite?
False
Is 1216249 prime?
True
Is 54221 composite?
True
Is 412933 composite?
True
Is 83509781 a prime number?
True
Is 15153679 a prime number?
True
Is 109178149 a prime number?
False
Is 1654921 composite?
False
Is 1984397 composite?
False
Is 1707211 composite?
True
Is 21053441 prime?
False
Is 208143899 prime?
True
Is 7483571 composite?
True
Is 5607517 composite?
False
Is 10486079 prime?
True
Is 677511089 a prime number?
True
Is 8600477 prime?
True
Is 44137193 a prime number?
True
Is 320719213 a composite number?
False
Is 38975177 a prime number?
True
Is 5942227 prime?
True
Is 5945129 a prime number?
True
Is 1632869 composite?
True
Is 10374983 prime?
False
Is 10078669 composite?
True
Is 15073733 prime?
False
Is 14420453 a composite number?
True
Is 2626471 composite?
False
Is 45239807 prime?
False
Is 771271 a prime number?
False
Is 6250999 a composite number?
False
Is 6251129 a prime number?
True
Is 93187363 composite?
True
Is 864277 prime?
True
Is 969827 a prime number?
False
Is 46283371 prime?
True
Is 621511 composite?
True
Is 2106733 prime?
True
Is 6126095 a composite number?
True
Is 3521486 a prime number?
False
Is 1306639649 prime?
False
Is 67872899 a prime number?
False
Is 28043839 composite?
False
Is 70987243 a prime number?
True
Is 243725941 prime?
True
Is 2823047 prime?
True
Is 265343947 composite?
True
Is 114596633 composite?
False
Is 154319 prime?
False
Is 1263812541 prime?
False
Is 11423557 composite?
False
Is 2501435 a prime number?
False
Is 28717451 a prime number?
False
Is 5549429 a composite number?
True
Is 56473223 prime?
True
Is 82224278 prime?
False
Is 18733361 composite?
False
Is 15158519 a prime number?
True
Is 14923 a prime number?
True
Is 1986983 prime?
False
Is 122257007 a composite number?
False
Is 1046897 prime?
True
Is 23809861 a composite number?
False
Is 8469233 a prime number?
True
Is 3058233 a prime number?
False
Is 98128298 a composite number?
True
Is 3663887 a prime number?
True
Is 11413879 composite?
False
Is 1412711 composite?
False
Is 1486453 a composite number?
True
Is 16823447 a prime number?
True
Is 1896121 a composite number?
True
Is 176748599 composite?
False
Is 10854079 a prime number?
False
Is 109051289 prime?
True
Is 56934833 a composite number?
False
Is 5298959 composite?
True
Is 534557131 prime?
True
Is 2177053 composite?
False
Is 570335 prime?
False
Is 60186143 a composite number?
False
Is 8308409 prime?
True
Is 163494098 prime?
False
Is 26537477 a prime number?
False
Is 1551107 composite?
False
Is 23239309 a composite number?
True
Is 216740617 a prime number?
True
Is 154342393 prime?
False
Is 11076529 a composite number?
False
Is 568313 prime?
False
Is 288137 composite?
False
Is 6572801 a composite number?
False
Is 59870677 composite?
True
Is 1217147 a composite number?
False
Is 9049109 a prime number?
True
Is 16724397 prime?
False
Is 115438981 a prime number?
False
Is 34204903 composite?
False
Is 17874683 a composite number?
False
Is 2020373 a composite number?
True
Is 2240191 composite?
False
Is 347823953 a composite number?
False
Is 113761339 a composite number?
False
Is 145979839 composite?
False
Is 413233 composite?
False
Is 86516641 composite?
True
Is 8515081 a prime number?
True
Is 318005549 composite?
False
Is 171407917 composite?
False
Is 6033257 prime?
False
Is 17942303 composite?
False
Is 123601259 composite?
False
Is 445231 composite?
True
Is 144001553 a prime number?
False
Is 542419 a composite number?
True
Is 2841337 a composite number?
False
Is 75647549 prime?
True
Is 881509 prime?
True
Is 294967363 composite?
False
Is 324497603 a prime number?
True
Is 2756933 prime?
True
Is 6593305 a composite number?
True
Is 172849529 a prime number?
True
Is 7566877 composite?
False
Is 52794629 prime?
True
Is 4771659 prime?
False
Is 1867239947 composite?
False
Is 5912017 a prime number?
True
Is 10097251 prime?
True
Is 242923 prime?
True
Is 112459 composite?
False
Is 329593259 a composite number?
False
Is 118799983 a composite number?
True
Is 16782274 composite?
True
Is 19030903 prime?
False
Is 17516467 a prime number?
False
Is 7388519 prime?
True
Is 24557251 a composite number?
False
Is 14116571 a prime number?
False
Is 9528391 composite?
False
Is 3769993 composite?
False
Is 3459179 a prime number?
True
Is 2287661 composite?
False
Is 195692851 a composite number?
False
Is 4135343 a prime number?
True
Is 55142097 composite?
True
Is 31518757 composite?
False
Is 5738927 composite?
False
Is 74453651 a composite number?
False
Is 18201181 prime?
True
Is 1153921 prime?
True
Is 2014391 a prime number?
False
Is 879532523 a composite number?
True
Is 10119203 composite?
True
Is 3379997 a prime nu